number?
False
Is 1979777507 prime?
False
Is 1193911946 a composite number?
True
Is 628686889 a prime number?
False
Is 15274562561 prime?
True
Is 6072547237 composite?
True
Is 284048717 a prime number?
True
Is 90740333735 a prime number?
False
Is 507118013 composite?
False
Is 33048922927 a prime number?
True
Is 193513105 prime?
False
Is 1114570987 a prime number?
False
Is 2433541559 a composite number?
False
Is 602790393 a composite number?
True
Is 148557427 a composite number?
False
Is 1440173069 a composite number?
True
Is 6897099751 a prime number?
False
Is 4674709349 composite?
True
Is 912437359 prime?
False
Is 9835749089 composite?
False
Is 11722643 composite?
False
Is 770408687 a composite number?
False
Is 5406811367 a composite number?
True
Is 65151650203 prime?
False
Is 4037827463 a prime number?
True
Is 1947780466 composite?
True
Is 61046174041 a composite number?
True
Is 23852425613 a prime number?
False
Is 3217434547 composite?
False
Is 14330674219 a composite number?
True
Is 35245043 prime?
True
Is 93658529 a prime number?
False
Is 9623985401 composite?
True
Is 3687696631 composite?
False
Is 3672264971 a prime number?
True
Is 5915788157 a prime number?
True
Is 61341282749 composite?
False
Is 167393041 a composite number?
False
Is 699559495 prime?
False
Is 1363184591 a composite number?
True
Is 5540295857 a composite number?
True
Is 6030022891 a composite number?
True
Is 243105139 prime?
True
Is 1600314371 a composite number?
False
Is 4316393954 a composite number?
True
Is 247370161 a composite number?
True
Is 22361346467 a prime number?
False
Is 108638467493 composite?
True
Is 176625091 a prime number?
True
Is 3366627167 a composite number?
True
Is 9874558139 composite?
False
Is 12725976281 composite?
False
Is 2885820493 composite?
False
Is 235966303 a composite number?
False
Is 38051328221 a composite number?
False
Is 987765931 prime?
False
Is 679885277 a composite number?
False
Is 3298824149 a prime number?
True
Is 63141085445 a prime number?
False
Is 9332608327 prime?
False
Is 309470945501 prime?
True
Is 25195756771 prime?
False
Is 4909062947 composite?
False
Is 266890456199 a composite number?
True
Is 1523732783 a composite number?
False
Is 8392981427 a composite number?
False
Is 34415355391 composite?
False
Is 251186987 a prime number?
True
Is 43373417909 prime?
True
Is 27838769737 prime?
False
Is 1087219339 prime?
False
Is 87108011 composite?
False
Is 91530388561 a prime number?
True
Is 516843521 a composite number?
True
Is 4858299529 composite?
True
Is 70181266387 prime?
True
Is 70654637041 a composite number?
True
Is 292601021 composite?
True
Is 25748274499 prime?
False
Is 27806811491 composite?
False
Is 1549302995 a composite number?
True
Is 24536742521 composite?
False
Is 4165264583 composite?
False
Is 1761388319 prime?
True
Is 305592719 prime?
True
Is 577504699 a composite number?
True
Is 99329266769 a prime number?
True
Is 7936948429 a composite number?
True
Is 65967306211 a prime number?
False
Is 7387991203 a composite number?
False
Is 21800489431 a composite number?
True
Is 4974711661 a composite number?
True
Is 9777323 prime?
False
Is 35684926985 a prime number?
False
Is 15711553007 composite?
False
Is 8196727069 composite?
True
Is 3181975219 composite?
False
Is 422407751 prime?
True
Is 18550887907 composite?
True
Is 103485619 prime?
False
Is 11048343569 a composite number?
True
Is 15554831317 prime?
False
Is 2337443411 composite?
False
Is 4596339791 a composite number?
False
Is 730980337 composite?
False
Is 707208179 composite?
True
Is 2202341909 composite?
False
Is 104339701 a composite number?
False
Is 4889353753 a prime number?
True
Is 123844151 a composite number?
False
Is 51709837 composite?
False
Is 224077052981 prime?
True
Is 37081488737 a composite number?
True
Is 2127168689 composite?
False
Is 7482898837 a prime number?
True
Is 1164214349 a prime number?
False
Is 13498674901 composite?
True
Is 9191760959 composite?
True
Is 2774130859 a prime number?
True
Is 607763857 a composite number?
False
Is 27212416741 prime?
False
Is 95565170689 composite?
False
Is 364305637 composite?
True
Is 2588090629 a composite number?
False
Is 1408693691 prime?
False
Is 3277890179 a composite number?
False
Is 15938335379 a composite number?
False
Is 12095283503 a prime number?
True
Is 8936422823 a composite number?
True
Is 833859849 composite?
True
Is 6156614713 prime?
False
Is 258515792497 prime?
True
Is 35048648563 composite?
False
Is 1423228237 prime?
True
Is 4789921141 prime?
False
Is 10142923201 a composite number?
True
Is 4908935423 prime?
False
Is 150289289 composite?
True
Is 47940843997 a composite number?
True
Is 46362467 composite?
False
Is 7007140889 prime?
False
Is 2280375943 a composite number?
True
Is 44930755889 prime?
True
Is 31126637251 composite?
True
Is 1350023417 composite?
True
Is 77990834903 composite?
False
Is 684822511 a prime number?
True
Is 262119617 a prime number?
False
Is 1034050531 a prime number?
True
Is 215362027 a prime number?
False
Is 714191381 composite?
True
Is 2964235051 composite?
False
Is 447760141 a composite number?
True
Is 78621560597 a composite number?
False
Is 1156876421 a composite number?
True
Is 9214352003 a composite number?
False
Is 54254114743 composite?
False
Is 59063236523 prime?
False
Is 99875099 composite?
True
Is 2551708213 composite?
False
Is 2349957137 prime?
False
Is 49042871 prime?
False
Is 43395547271 prime?
True
Is 7031665073 prime?
False
Is 3032545063 a composite number?
True
Is 372596551 composite?
False
Is 32373057 a prime number?
False
Is 179993008267 a composite number?
False
Is 417133499 prime?
True
Is 1656319253 a composite number?
True
Is 829416013 composite?
True
Is 1105049401 a prime number?
True
Is 11471027203 a composite number?
True
Is 341041711 composite?
True
Is 25700687657 prime?
True
Is 3083014027 a composite number?
True
Is 12536771003 prime?
True
Is 6287744611 a composite number?
False
Is 2175113653 prime?
True
Is 21996492949 a prime number?
False
Is 7610273467 a composite number?
True
Is 10258370669 composite?
True
Is 21065848619 prime?
True
Is 695454577 a prime number?
False
Is 36246961901 composite?
False
Is 5660430397 a composite number?
True
Is 3233703621 a prime number?
False
Is 1383271369 prime?
True
Is 9317249399 a prime number?
True
Is 357687851 prime?
True
Is 2975126411 composite?
False
Is 24129167 a composite number?
False
Is 5280553 a composite number?
False
Is 4087783 composite?
True
Is 170594363 a prime number?
True
Is 88134073 a composite number?
False
Is 158408174311 prime?
True
Is 706726843 a prime number?
False
Is 24996623609 a prime number?
True
Is 1323452553 composite?
True
Is 15786898817 a prime number?
False
Is 611605507 composite?
False
Is 11718401197 a composite number?
False
Is 602853731 a prime number?
True
Is 5565782713 a composite number?
False
Is 123805060759 a prime number?
True
Is 669203341 prime?
False
Is 1067627839 prime?
True
Is 10483524071 composite?
False
Is 239707231321 a prime number?
True
Is 1560000823 prime?
True
Is 3177017737 composite?
False
Is 925578611 a prime number?
True
Is 228184789013 a composite number?
True
Is 55837548647 a composite number?
False
Is 598743053 composite?
False
Is 1202152111 prime?
False
Is 212892611203 a composite number?
False
Is 140085283001 a composite number?
False
Is 9285715451 a prime number?
False
Is 361267201 a composite number?
True
Is 41500902511 prime?
True
Is 215146079 a composite number?
True
Is 1391190143 composite?
True
Is 25064110679 a composite number?
False
Is 4001768843 composite?
True
Is 125531011387 a prime number?
True
Is 2178575731 a prime number?
False
Is 29178287 composite?
True
Is 2604676411 a prime number?
False
Is 29702167093 a composite number?
False
Is 2581761449 composite?
False
Is 2345557849 a composite number?
True
Is 13639701839 composite?
False
Is 1386882443 a prime number?
True
Is 2302165339 prime?
True
Is 5520226601 a composite number?
True
Is 16860887 prime?
True
Is 342186253 prime?
False
Is 409730417 composite?
False
Is 1811672095 composite?
True
Is 1696577221 a prime number?
False
Is 1191982783 composite?
True
Is 3290086223 composite?
False
Is 1752087733 composite?
True
Is 304989823 prime?
False
Is 2511585241 a composite number?
True
Is 10